{"id":2,"date":"2025-04-17T20:58:37","date_gmt":"2025-04-17T18:58:37","guid":{"rendered":"http:\/\/testwp68-ai.you2.pl\/?page_id=2"},"modified":"2025-11-06T09:08:44","modified_gmt":"2025-11-06T08:08:44","slug":"przykladowa-strona","status":"publish","type":"page","link":"https:\/\/znajdzfotelik.pl\/index.php\/przykladowa-strona\/","title":{"rendered":"Domena na sprzeda\u017c"},"content":{"rendered":"\n<p>Sprzedam domen\u0119 znajdzfotelik.pl<\/p>\n\n\n\n<p>Oferuj\u0119 na sprzeda\u017c atrakcyjn\u0105 domen\u0119 znajdzfotelik.pl, idealn\u0105 dla biznes\u00f3w zwi\u0105zanych z fotelikami dzieci\u0119cymi, bezpiecze\u0144stwem dzieci w samochodzie, poradami oraz sprzeda\u017c\u0105 fotelik\u00f3w.<\/p>\n\n\n\n<p>Domena jest gotowa do natychmiastowego przeniesienia.<\/p>\n\n\n\n<p>Oferty prosz\u0119 przesy\u0142a\u0107 na adres: oferty@znajdzfotelik.pl<\/p>\n\n\n\n<p>Zapraszam do kontaktu!<\/p>\n\n\n\n<p><\/p>\n","protected":false},"excerpt":{"rendered":"<p>Sprzedam domen\u0119 znajdzfotelik.pl Oferuj\u0119 na sprzeda\u017c atrakcyjn\u0105 domen\u0119 znajdzfotelik.pl, idealn\u0105 dla biznes\u00f3w zwi\u0105zanych z fotelikami dzieci\u0119cymi, bezpiecze\u0144stwem dzieci w samochodzie, poradami oraz sprzeda\u017c\u0105 fotelik\u00f3w. Domena jest gotowa do natychmiastowego przeniesienia. Oferty prosz\u0119 przesy\u0142a\u0107 na adres: oferty@znajdzfotelik.pl Zapraszam do kontaktu!<\/p>\n","protected":false},"author":1,"featured_media":0,"parent":0,"menu_order":0,"comment_status":"closed","ping_status":"open","template":"","meta":{"footnotes":""},"class_list":["post-2","page","type-page","status-publish","hentry"],"_links":{"self":[{"href":"https:\/\/znajdzfotelik.pl\/index.php\/wp-json\/wp\/v2\/pages\/2","targetHints":{"allow":["GET"]}}],"collection":[{"href":"https:\/\/znajdzfotelik.pl\/index.php\/wp-json\/wp\/v2\/pages"}],"about":[{"href":"https:\/\/znajdzfotelik.pl\/index.php\/wp-json\/wp\/v2\/types\/page"}],"author":[{"embeddable":true,"href":"https:\/\/znajdzfotelik.pl\/index.php\/wp-json\/wp\/v2\/users\/1"}],"replies":[{"embeddable":true,"href":"https:\/\/znajdzfotelik.pl\/index.php\/wp-json\/wp\/v2\/comments?post=2"}],"version-history":[{"count":1,"href":"https:\/\/znajdzfotelik.pl\/index.php\/wp-json\/wp\/v2\/pages\/2\/revisions"}],"predecessor-version":[{"id":9,"href":"https:\/\/znajdzfotelik.pl\/index.php\/wp-json\/wp\/v2\/pages\/2\/revisions\/9"}],"wp:attachment":[{"href":"https:\/\/znajdzfotelik.pl\/index.php\/wp-json\/wp\/v2\/media?parent=2"}],"curies":[{"name":"wp","href":"https:\/\/api.w.org\/{rel}","templated":true}]}}